{"id":34,"date":"2018-10-18T09:40:25","date_gmt":"2018-10-18T07:40:25","guid":{"rendered":"http:\/\/psy-rousset-fuveau-peynier.fr\/?page_id=34"},"modified":"2023-11-11T22:32:06","modified_gmt":"2023-11-11T21:32:06","slug":"accueil","status":"publish","type":"page","link":"https:\/\/psy-rousset-fuveau-peynier.fr\/","title":{"rendered":"Bienvenue \u00e0 la Psychoth\u00e9rapie de l&rsquo;Arc"},"content":{"rendered":"<p><span style=\"font-weight: 400;\">Exer\u00e7ant depuis plus de 10 ans, nous, Corinne Barbe, praticienne en psychoth\u00e9rapie et EMDR (ou D\u00e9sensibilisation et Reprogrammation par les Mouvements Oculaires), et David-\u00c9tienne Barbe, psychanalyste et th\u00e9rapeute de couple, vous accompagnons sur votre chemin vers l\u2019\u00e9panouissement et le \u00ab\u00a0mieux-\u00eatre\u00a0\u00bb.\u00a0<\/span><\/p>\n<p><span style=\"font-weight: 400;\">Nous vous encourageons \u00e0 prendre le temps de parcourir notre site pour en savoir plus sur nos approches th\u00e9rapeutiques, nos sp\u00e9cialisations respectives et nos disponibilit\u00e9s.\u00a0<\/span><\/p>\n","protected":false},"excerpt":{"rendered":"<p>Exer\u00e7ant depuis plus de 10 ans, nous, Corinne Barbe, praticienne en psychoth\u00e9rapie et EMDR (ou D\u00e9sensibilisation et Reprogrammation par les Mouvements Oculaires), et David-\u00c9tienne Barbe, psychanalyste et th\u00e9rapeute de couple, vous accompagnons sur votre chemin vers l\u2019\u00e9panouissement et le \u00ab\u00a0mieux-\u00eatre\u00a0\u00bb.\u00a0 Nous vous encourageons \u00e0 prendre le temps de parcourir notre site pour en savoir plus &hellip; <\/p>\n<p class=\"link-more\"><a href=\"https:\/\/psy-rousset-fuveau-peynier.fr\/\" class=\"more-link\">Continuer la lecture<span class=\"screen-reader-text\"> de &laquo;&nbsp;Bienvenue \u00e0 la Psychoth\u00e9rapie de l&rsquo;Arc&nbsp;&raquo;<\/span><\/a><\/p>\n","protected":false},"author":1,"featured_media":0,"parent":0,"menu_order":0,"comment_status":"closed","ping_status":"closed","template":"","meta":{"footnotes":""},"_links":{"self":[{"href":"https:\/\/psy-rousset-fuveau-peynier.fr\/index.php\/wp-json\/wp\/v2\/pages\/34"}],"collection":[{"href":"https:\/\/psy-rousset-fuveau-peynier.fr\/index.php\/wp-json\/wp\/v2\/pages"}],"about":[{"href":"https:\/\/psy-rousset-fuveau-peynier.fr\/index.php\/wp-json\/wp\/v2\/types\/page"}],"author":[{"embeddable":true,"href":"https:\/\/psy-rousset-fuveau-peynier.fr\/index.php\/wp-json\/wp\/v2\/users\/1"}],"replies":[{"embeddable":true,"href":"https:\/\/psy-rousset-fuveau-peynier.fr\/index.php\/wp-json\/wp\/v2\/comments?post=34"}],"version-history":[{"count":13,"href":"https:\/\/psy-rousset-fuveau-peynier.fr\/index.php\/wp-json\/wp\/v2\/pages\/34\/revisions"}],"predecessor-version":[{"id":237,"href":"https:\/\/psy-rousset-fuveau-peynier.fr\/index.php\/wp-json\/wp\/v2\/pages\/34\/revisions\/237"}],"wp:attachment":[{"href":"https:\/\/psy-rousset-fuveau-peynier.fr\/index.php\/wp-json\/wp\/v2\/media?parent=34"}],"curies":[{"name":"wp","href":"https:\/\/api.w.org\/{rel}","templated":true}]}}